ase 11
126
Convert 1031 (base 5) to base 8.
215
Convert -125 (base 7) to base 5.
-233
Convert 21012 (base 3) to base 11.
167
Convert -72 (base 14) to base 8.
-144
What is 1 (base 9) in base 12?
1
-100 (base 2) to base 4
-10
Convert 1134 (base 5) to base 9.
207
Convert -2 (base 5) to base 4.
-2
11 (base 8) to base 9
10
What is 12 (base 5) in base 10?
7
Convert 101 (base 2) to base 5.
10
Convert -8 (base 14) to base 9.
-8
-11111 (base 2) to base 4
-133
Convert -12 (base 5) to base 12.
-7
1221 (base 3) to base 5
202
1000 (base 5) to base 14
8d
-11 (base 8) to base 14
-9
Convert -2 (base 9) to base 2.
-10
-3 (base 13) to base 14
-3
-4 (base 7) to base 12
-4
Convert 0 (base 14) to base 8.
0
What is 12 (base 10) in base 6?
20
8 (base 13) to base 5
13
-1 (base 14) to base 5
-1
-15 (base 11) to base 7
-22
-1 (base 11) to base 8
-1
What is -5 (base 8) in base 6?
-5
0 (base 2) to base 4
0
-101 (base 3) to base 13
-a
Convert 3 (base 9) to base 6.
3
Convert -142 (base 5) to base 12.
-3b
11 (base 8) to base 14
9
What is -18 (base 14) in base 12?
-1a
-6a (base 11) to base 9
-84
Convert -35 (base 8) to base 7.
-41
Convert 2220 (base 3) to base 16.
4e
Convert -52 (base 16) to base 3.
-10001
What is 1031 (base 4) in base 11?
70
Convert 4 (base 16) to base 10.
4
What is -15 (base 14) in base 3?
-201
Convert 127 (base 9) to base 7.
211
What is -3 (base 16) in base 14?
-3
What is 100 (base 3) in base 6?
13
Convert -58 (base 13) to base 12.
-61
2b (base 15) to base 3
1112
What is 5 (base 16) in base 5?
10
-4 (base 15) to base 14
-4
Convert 145 (base 9) to base 6.
322
What is 10000 (base 3) in base 14?
5b
What is 2 (base 11) in base 15?
2
Convert -2 (base 15) to base 11.
-2
Convert 2 (base 3) to base 2.
10
Convert 11b (base 15) to base 7.
506
What is -39 (base 12) in base 8?
-55
What is -2 (base 10) in base 14?
-2
-1503 (base 6) to base 10
-399
Convert a (base 16) to base 7.
13
-12 (base 11) to base 2
-1101
Convert 4 (base 12) to base 6.
4
What is -42 (base 10) in base 12?
-36
-11111 (base 2) to base 8
-37
What is -2 (base 13) in base 6?
-2
Convert -115 (base 13) to base 15.
-c7
Convert 6 (base 14) to base 9.
6
What is 403 (base 5) in base 11?
94
What is -41 (base 5) in base 6?
-33
213 (base 6) to base 9
100
What is -10 (base 4) in base 5?
-4
What is -2 (base 6) in base 8?
-2
6 (base 8) to base 7
6
Convert 20 (base 4) to base 12.
8
-3 (base 9) to base 3
-10
What is 101 (base 6) in base 10?
37
-31 (base 4) to base 8
-15
-1016 (base 7) to base 15
-18b
Convert 123 (base 5) to base 2.
100110
Convert -12 (base 5) to base 4.
-13
Convert 1e (base 15) to base 12.
25
110 (base 4) to base 12
18
What is -101 (base 2) in base 7?
-5
-250 (base 7) to base 16
-85
Convert -32 (base 4) to base 14.
-10
Convert b7 (base 14) to base 6.
425
Convert -f8 (base 16) to base 13.
-161
Convert 100 (base 2) to base 12.
4
150 (base 7) to base 9
103
10122 (base 4) to base 15
13c
Convert 105 (base 8) to base 3.
2120
-52 (base 13) to base 5
-232
Convert 210 (base 3) to base 15.
16
What is 1a (base 16) in base 12?
22
Convert 127 (base 14) to base 7.
450
-4 (base 11) to base 15
-4
Convert -2 (base 11) to base 4.
-2
-1001010 (base 2) to base 3
-2202
Convert -221 (base 5) to base 12.
-51
-60 (base 8) to base 16
-30
Convert -1 (base 13) to base 2.
-1
-10d (base 14) to base 12
-155
What is 321 (base 5) in base 8?
126
3 (base 5) to base 3
10
-7 (base 14) to base 13
-7
What is -4 (base 12) in base 7?
-4
37 (base 12) to base 10
43
Convert -2 (base 11) to base 12.
-2
84 (base 9) to base 8
114
23 (base 5) to base 9
14
6 (base 15) to base 7
6
What is -2 (base 7) in base 11?
-2
-2 (base 13) to base 6
-2
What is 3 (base 7) in base 8?
3
15 (base 13) to base 11
17
-1 (base 3) to base 7
-1
1 (base 8) to base 4
1
78 (base 10) to base 9
86
-b8 (base 13) to base 5
-1101
3 (base 10) to base 5
3
What is 227 (base 10) in base 2?
11100011
-8 (base 14) to base 8
-10
-1110 (base 2) to base 10
-14
What is -53 (base 6) in base 15?
-23
What is -35 (base 6) in base 15?
-18
542 (base 7) to base 8
423
11101 (base 2) to base 9
32
Convert 32 (base 5) to base 3.
122
Convert -11 (base 10) to base 8.
-13
40 (base 7) to base 16
1c
Convert -300 (base 6) to base 7.
-213
Convert -133 (base 4) to base 14.
-23
Convert -1100 (base 2) to base 11.
-11
17 (base 9) to base 12
14
What is -4 (base 7) in base 3?
-11
-6 (base 15) to base 3
-20
-13 (base 4) to base 11
-7
-10 (base 10) to base 2
-1010
Convert -10 (base 4) to base 8.
-4
What is 5a (base 14) in base 16?
50
Convert 112 (base 5) to base 2.
100000
What is -2 (base 9) in base 5?
-2
Convert -24 (base 5) to base 7.
-20
Convert -1 (base 13) to base 6.
-1
Convert -10122 (base 3) to base 13.
-77
What is -101010 (base 2) in base 4?
-222
22 (base 14) to base 11
28
-4 (base 16) to base 8
-4
What is 211 (base 3) in base 7?
31
What is -40 (base 16) in base 8?
-100
13 (base 9) to base 6
20
What is -50 (base 12) in base 3?
-2020
Convert -124 (base 13) to base 11.
-171
6 (base 8) to base 14
6
-20 (base 9) to base 6
-30
What is -10 (base 3) in base 14?
-3
Convert -100 (base 3) to base 15.
-9
What is 150 (base 6) in base 7?
123
-1 (base 5) to base 15
-1
7 (base 8) to base 10
7
What is 2 (base 7) in base 14?
2
What is -301 (base 5) in base 4?
-1030
Convert 4c (base 16) to base 12.
64
Convert -3 (base 16) to base 10.
-3
Convert -123 (base 4) to base 14.
-1d
0 (base 12) to base 5
0
-40 (base 7) to base 14
-20
What is 8 (base 15) in base 13?
8
0 (base 4) to base 5
0
What is 4 (base 9) in base 2?
100
Convert -1000 (base 3) to base 2.
-11011
Convert -45 (base 13) to base 10.
-57
Convert -3 (base 6) to base 16.
-3
Convert 17c (base 14) to base 4.
10302
Convert 39 (base 14) to base 7.
102
18 (base 12) to base 6
32
What is -9 (base 13) in base 11?
-9
Convert -1132 (base 4) to base 11.
-86
What is -35 (base 14) in base 10?
-47
Convert -1 (base 9) to base 14.
-1
-11 (base 5) to base 12
-6
What is 211 (base 3) in base 2?
10110
dd (base 15) to base 10
208
Convert -4 (base 8) to base 15.
-4
Convert 1023 (base 5) to base 14.
9c
9 (base 14) to base 13
9
1 (base 7) to base 10
1
Convert 113 (base 4) to base 5.
43
Convert -a (base 15) to base 8.
-12
12010 (base 3) to base 2
10001010
Convert -1 (base 13) to base 4.
-1
Convert -103 (base 5) to base 8.
-34
What is 31 (base 6) in base 7?
25
3 (base 5) to base 6
3
d (base 15) to base 16
d
What is 1 (base 5) in base 9?
1
1101000 (base 2) to base 12
88
Convert 3 (base 7) to base 6.
3
Convert 0 (base 14) to base 2.
0
What is -2 (base 11) in base 14?
-2
Convert 0 (base 12) to base 11.
0
2111 (base 3) to base 6
151
Convert -26 (base 7) to base 16.
-14
-335 (base 7) to base 16
-ad
0 (base 5) to base 10
0
What is -12 (base 4) in base 8?
-6
Convert 1 (base 11) to base 5.
1
What is 7 (base 11) in base 7?
10
Convert 2 (base 11) to base 9.
2
What is -b (base 14) in base 13?
-b
What is -c (base 13) in base 5?
-22
48 (base 9) to base 12
38
169 (base 16) to base 7
1024
2 (base 5) to base 9
2
What is -3b (base 12) in base 16?
-2f
What is -100 (base 2) in base 4?
-10
Convert 4 (base 11) to base 10.
4
-1 (base 2) to base 6
-1
What is 1 (base 4) in base 11?
1
4 (base 6) to base 11
4
What is -a3 (base 11) in base 14?
-81
What is 1 (base 16) in base 12?
1
Convert 8 (base 12) to base 15.
8
6 (base 10) to base 2
110
What is -4 (base 14) in base 13?
-4
What is -23 (base 4) in base 13?
-b
Convert 9 (base 14) to base 15.
9
Convert -11 (base 12) to base 16.
-d
4 (base 5) to base 16
4
Convert 11001 (base 2) to base 12.
21
What is -3 (base 6) in base 2?
-11
12 (base 5) to base 13
7
-4 (base 11) to base 8
-4
-520 (base 6) to base 9
-233
0 (base 4) to base 9
0
2012 (base 3) to base 6
135
What is -5 (base 10) in base 5?
-10
Convert -51 (base 7) to base 6.
-100
3 (base 7) to base 6
3
-11111110 (base 2) to base 4
-3332
Convert 10 (base 3) to base 13.
3
Convert -2 (base 6) to base 16.
-2
-78 (base 9) to base 10
-71
What is 2 (base 16) in base 2?
10
What is -2 (base 12) in base 16?
-2
-106 (base 7) to base 10
-55
-6 (base 14) to base 7
-6
What is 1100 (base 3) in base 9?
40
-1 (base 3) to base 5
-1
What is 2 (base 3) in base 15?
2
What is 16 (base 10) in base 14?
12
85 (base 10) to base 7
151
What is -4 (base 15) in base 10?
-4
115 (base 9) to base 7
164
3 (base 13) to base 9
3
What is -53 (base 15) in base